. Calculate the remainder when h is divided by 25.
22
Let x = 1375 - 1192. What is the remainder when 373 is divided by x?
7
Let y = -81 + 85. Suppose 3*h = -0*h + 129. What is the remainder when h is divided by (1190/55)/2 + y/22?
10
Suppose 40*s - 1802 = 6*s. What is the remainder when 317 is divided by s?
52
Let p = -345 - -637. What is the remainder when p is divided by 93?
13
Suppose 2*x = -3*j + 120, 0 = 6*x - 7*x - 3. What is the remainder when 204 is divided by j?
36
Let c = -480 + 528. Calculate the remainder when c is divided by 29.
19
Let t(d) = -d**2 - 9*d - 1. Let b be t(-6). Let w = b - 40. Let o = w - -28. Calculate the remainder when 14 is divided by o.
4
Let l be 69 - -2*(-4)/32*-4. Suppose -l = -6*o + o. Calculate the remainder when o is divided by 12.
2
What is the remainder when 86 is divided by -4*(-30)/28*7?
26
Let a = -106 + 108. Suppose a*t - 32 = 10. What is the remainder when t is divided by 11?
10
Suppose 0 = 2*a - 6, -i - 8*a = -4*a - 82. What is the remainder when i is divided by -3*1/(-6) + (-66)/(-4)?
2
Suppose -222*f + 234*f - 960 = 0. What is the remainder when f is divided by 6/9 - (-25)/3?
8
What is the remainder when (0 + (-34)/4)*(-48)/8 is divided by 10?
1
Suppose 2*q + c = 15, 3*c + 25 = 7*q - 6*q. Calculate the remainder when 31 is divided by 34/3 + q/15.
7
Let o(p) = 3*p**2 - p - 4. Suppose 0 = -6*y - 43 + 85. Let z = y - 0. Calculate the remainder when o(-3) is divided by z.
5
Let m(k) = 13*k - 1. Let w = -3779 - -3806. What is the remainder when m(4) is divided by w?
24
Let g = 3480 - -1039. What is the remainder when g is divided by 20?
19
Let g = 20 + -11. Suppose 22 - g = h. Let r(l) = 7*l - 5. Calculate the remainder when r(6) is divided by h.
11
Let a = 104 - 59. Suppose 98 = l + 2. Suppose 4*o - l = -4*o. What is the remainder when a is divided by o?
9
Suppose -2*u + 250 = -5*n + 8*n, 5*n - 498 = -4*u. Calculate the remainder when u is divided by 44.
34
Let f(q) = -2*q**3 + 3*q**2 - 5*q - 10. Let z be f(-3). Let j = z - 7. Calculate the remainder when j is divided by 16.
15
Let y(t) = -2*t**3 - 13*t**2 + 4*t - 16. Calculate the remainder when y(-7) is divided by 4.
1
Suppose -j - 29*a + 37 = -25*a, 2*j = -a + 109. Calculate the remainder when j is divided by 30.
27
Let y(s) = 7*s + 5. Let o be y(-10). Let l = o + 74. What is the remainder when l is divided by 1?
0
Let w(t) = -t**2 + 34*t + 108. What is the remainder when w(35) is divided by 27?
19
Let k(x) = -x**2 - 10*x + 28. Let z be k(-12). Calculate the remainder when ((-2)/z)/((-4)/120) is divided by 10.
5
Suppose -11*h = -579 - 642. What is the remainder when h is divided by 13?
7
Let v be 27/9 - (-8 - 0). Suppose 10*q - v = 9*q. What is the remainder when q is divided by 0 + (8 - (2 + -1))?
4
Suppose 3*a - 3*c = -2*c + 184, 0 = -4*a - 6*c + 216. Calculate the remainder when 127 is divided by a.
7
Let y = 13 + 8. Suppose 23*f = y*f + 64. Calculate the remainder when f is divided by 18.
14
Let v = 67 - 38. Let t = v + -19. Suppose 6*d - 2*d - 12 = 0. What is the remainder when t is divided by d?
1
Let z = 4 - -6. Let c = 10 - z. Suppose 2*r - 79 = -k, c*r - r - 133 = -2*k. What is the remainder when k is divided by 18?
15
Let x(p) = -p**2 + 20*p - 9. Let q be x(16). Let k = -41 + q. What is the remainder when 41 is divided by k?
13
Let n(v) = v**3 + 11*v**2 - 12*v - 12. Let l be n(-12). Let f = -10 - -32. Calculate the remainder when 630/l*4/(-5) is divided by f.
20
Let k = 538 + -248. Suppose -b - 4*b + k = 0. Calculate the remainder when b is divided by 12.
10
Suppose 5*o + m - 460 = -4*m, 2*o = 2*m + 188. Calculate the remainder when o is divided by 34.
25
What is the remainder when -1 + 15 + (0 - -6) is divided by 5?
0
Suppose -3*s = s - 4*w - 160, 4*s = 3*w + 157. Let t = -20 + s. What is the remainder when 67 is divided by t?
16
Suppose -5*y + 3*t + 8 = 1, 5 = y + 3*t. Suppose 6*g = y*g + 268. Let w = 23 + -6. Calculate the remainder when g is divided by w.
16
Calculate the remainder when (2337/(-6))/(2/(-4)) is divided by 11.
9
Let o(a) = -3*a**2 - 17*a**3 - 8*a**2 + 16*a**3 + 14*a - 3*a**2 + 10. Suppose 4*s = 2*s - 30. What is the remainder when 99 is divided by o(s)?
24
Let j(b) = -3*b - 9. Let y be j(-4). Suppose 37 = r + 3*p, 5*p = y*r + 2*r - 225. Calculate the remainder when r is divided by 23.
20
Let r(g) = -g**2 - 31*g - 138. What is the remainder when ((-178)/4)/(1/(-2)) is divided by r(-7)?
29
Let k = -1295 + 1298. Calculate the remainder when 66 is divided by k.
0
Let a(v) = 14*v**2 + v. Let h = 77 + 12. Calculate the remainder when h is divided by a(-1).
11
Let r(p) = -p**2 - 11*p + 10. Let m be r(-9). Let q(l) = -l**2 - 15*l + l**3 + 2*l**2 + 14 - 14*l + m*l. Calculate the remainder when 54 is divided by q(0).
12
Suppose -5*g + 5*n = -95, -25*g - 77 = -28*g - 2*n. Calculate the remainder when 101 is divided by g.
9
Let x = -27 - -23. Let i(p) = p**2 - 3. What is the remainder when 63 is divided by i(x)?
11
Let i(l) = 26*l**3 + 2*l - 1. Let o(f) be the second derivative of -f**4/12 - 13*f**3/6 + 15*f**2/2 + 9*f. What is the remainder when i(1) is divided by o(-13)?
12
Suppose -4*n = -3*p + 20, 2*n - 12 = -n. Let k = 34 - 18. Let l = k + 6. Calculate the remainder when l is divided by p.
10
Let q(h) = -4*h - 31. Suppose -8 = -d + 3. What is the remainder when q(-13) is divided by d?
10
Suppose -4 = -4*o + 12. Suppose -44 = -o*q + 20. Suppose -7*g - 2*t = -5*g + 2, 4*g - 2*t - 20 = 0. What is the remainder when q is divided by g?
1
Let y(k) = -k**3 - k**2 + 8*k + 9. Let o be y(-4). Suppose 3*b - o = -2*b. What is the remainder when 12 is divided by b?
2
Let q(a) = -a**2 + 5*a + 1. Suppose 2*y + 3*y + 130 = 0. Calculate the remainder when q(4) is divided by (-82)/y - 18/117.
2
Let i be (-1)/(-2)*2*10. Suppose 33 = -l + 12*l. Suppose i = -2*m + l*m. Calculate the remainder when 17 is divided by m.
7
What is the remainder when (-211720)/(-871) + (-1)/13 is divided by 59?
7
Let n(f) = 82*f. Let i = -26 - -25. Calculate the remainder when n(1) is divided by (i - 0) + (14 - -4).
14
Suppose 0 = 3*p - 0*g + 3*g - 189, -5*p - 2*g + 300 = 0. Let h = p - 12. What is the remainder when h is divided by 18/(18/4 + -3)?
10
Let s(n) = -4*n + 23. What is the remainder when 114 is divided by s(-3)?
9
Suppose 0 = -5*z - 2*f - 5 - 17, -2*z - 6 = -2*f. Calculate the remainder when 318/z*(-3 + 7/3) is divided by 11.
9
Suppose b - 3 = 7. Let y be (-6)/b + 13/5. Suppose y*w + 2*w - 2*i = 322, 5*w - 404 = i. What is the remainder when w is divided by 12?
9
Let i = 5 + -9. Let l(u) = u**3 + 3*u**2 - 6*u - 1. Calculate the remainder when 30 - 20/(15/3) is divided by l(i).
5
Let p(d) = -d**3 + 8*d**2 + 5*d + 3. Suppose -3*y = a - 64, -5*y - a + 69 = -39. What is the remainder when p(7) is divided by y?
21
Let r(a) = -48*a + 354. What is the remainder when r(7) is divided by 11?
7
Let a(o) = 93*o - 323. What is the remainder when a(17) is divided by 30?
28
Let a(v) = 28*v - 397. Suppose 3*c + 4*n + 1 = 13, -5*n - 15 = 0. What is the remainder when a(15) is divided by c?
7
Let u(j) = j**2 + 3*j - 2. Let s be u(-4). Let g(a) = 5*a**2 + 4*a. What is the remainder when 54 is divided by g(s)?
26
Let d(t) = -t**3 + 6*t**2 + 9*t - 7. Let g(s) = -s**3 + 5*s**2. Let y be g(5). Suppose y*m = -5*m + 90. What is the remainder when m is divided by d(7)?
4
Suppose 0 = 10*x - 238 + 28. What is the remainder when x is divided by 12?
9
Suppose -4*s = -j - 461, -3*s = -5*j - 229 - 138. Suppose 21 = y - 8. What is the remainder when s is divided by y?
27
Suppose -24 + 26 = i. Suppose -25 = -2*t - 3*m + 42, 3*t + i*m = 93. What is the remainder when 113 is divided by t?
26
Let a(m) = 8*m - 9*m**2 + 0 + m + m**3 - 3. Let l be a(8). Suppose l*x - 94 = 56. What is the remainder when 118 is divided by x?
28
Let x = 2439 + -2427. What is the remainder when x is divided by 6?
0
Suppose 6 + 0 = -m. What is the remainder when 57 is divided by (60/8)/(m/(-16))?
17
Let u(s) = -8*s + 5*s + 4*s**2 + 4*s - 4. Calculate the remainder when 139 is divided by u(-2).
9
Let d(c) = -53*c - 17. Let t(s) = -26*s - 8. Let g(a) = 6*d(a) - 13*t(a). Let z = 1 - -85. Calculate the remainder when z is divided by g(1).
20
Let i = -16 + 16. Calculate the remainder when 9 - 2 - (i - 3) is divided 